12, 3*l - 24 = -4*h. Let d(a) = -a**2 + 5*a + 5. Give d(h).
-1
Let m(q) = -q**3 + 5*q**2 + 5*q - 9. Suppose -3*n - 221*v + 219*v + 22 = 0, 3*v = 4*n - 18. Calculate m(n).
-15
Suppose 0*z - 3*z + 9 = 0. Let b(o) = -o**2 - 5 + 1 + 0*o**2 + 7 - z*o. Give b(-3).
3
Let g(v) be the second derivative of v**3/2 + 5*v**2/2 + 7*v. Let k be g(-1). Let u(r) = r**3 - 2*r**2 + 3*r - 1. Determine u(k).
5
Let a(h) = 5*h**2 + h. Let y(z) = -7*z - 10. Let g be y(-4). Let j be g/(-4)*(-5 + 1). Let b = j + -17. Calculate a(b).
6
Let a(w) be the second derivative of -w**7/840 + 47*w**3/6 - 10*w. Let g(h) be the second derivative of a(h). Determine g(2).
-8
Suppose 14 = 4*u + 2*r, -12 = -2*u - 4*r + 2*r. Let w(o) = -4*o**3 + 1 + 2*o**2 + u - 10*o**3 - 3*o + 11*o**3. What is w(2)?
-20
Let d(m) = 3 + 6*m**2 - 5 + 5 + 3*m + m**3. Let l(g) = g**3 - 13*g**2 + 19*g - 90. Let f be l(12). What is d(f)?
-15
Let j(a) = a**2 + 7*a. Let u be j(-8). Suppose 2*z - u = 4*b, 5 = b + 4*z - 2. Let q = b - 4. Let p(n) = -n**3 - 5*n**2 - n + 2. What is p(q)?
7
Let a be (-3)/(-6)*(-9 - -7). Let l(i) = 66*i**2 + i + 1. Determine l(a).
66
Suppose 87*f - 83*f - 20 = 0. Let c(w) = 7*w - w**2 + f - 6*w - 3*w - 5*w. What is c(-8)?
-3
Let p(u) be the second derivative of -3*u**5/20 - u**4/2 + 4*u**3/3 + 3*u**2/2 + 2*u. Let v(o) = -o**3 + o. Let x(l) = p(l) - 4*v(l). Calculate x(5).
-2
Let p(n) = 7*n - 4 + 2 + 569*n**2 - 2 - 571*n**2. Let r(u) = -u + 13. Let i be r(9). What is p(i)?
-8
Let p(k) = -k + 9. Let g(b) = -b**2 - 18*b + 45. Let q be g(-19). Suppose -49 = -3*x + 4*a + a, -q = -2*x + 2*a. Determine p(x).
1
Let d(h) = -h - 16. Suppose -8 = -2*t - 4. Suppose t*y - w = y - 1, -5*y + 4*w = 4. Give d(y).
-16
Let a(k) = k**2 - k - 9. Suppose 5*s + 25 = r, 3*r - 187 = s - 168. Give a(r).
11
Let n(s) = s + 13 - 7 + 2*s - 5*s. Let a(b) = -b**2 + b + 1. Let o be a(3). Give n(o).
16
Suppose -12*r + 52*r = -200. Let b(z) = -z**3 - 3*z**2 + 9*z. Calculate b(r).
5
Let o(f) be the first derivative of 1/2*f**2 + 0*f - 1/12*f**4 - 5 - 1/3*f**3. Let k(v) be the second derivative of o(v). Determine k(-3).
4
Let j(g) = 5*g**2 + 18*g - 14. Let l(s) = 3*s**2 + 9*s - 7. Let u be (1 - -1)/((-2)/4). Let t(m) = u*j(m) + 7*l(m). Give t(8).
-1
Let w(y) = -y**3 + 6*y**2 + 7*y + 4. Suppose 3*s - 21 = 5*d, 4*s - 3*d - 31 + 3 = 0. Let a be w(s). Let v(i) = 4*i - 5. Determine v(a).
11
Let l = -76 - -78. Suppose -66 = -5*n + l*f - 23, -4*n + 2*f = -36. Let t(c) = c**3 - 6*c**2 - 5*c - 2. What is t(n)?
12
Suppose -2*c + 12*a - 10*a + 8 = 0, 0 = 3*a + 6. Let n(r) = -4*r**2 + 3*r + 1 + r**3 - 1. Calculate n(c).
-2
Suppose o - 5 - 4 = -s, -7 = -3*o + s. Suppose 3*q - 33 = -y - 14, o*y - 11 = q. Let z(k) = k**2 - 5*k + 7. What is z(q)?
7
Suppose -3*q - 13*c + 11*c + 2 = 0, 5*q = 5*c + 45. Let j(o) be the first derivative of -5/3*o**3 - 1/4*o**q - 3*o - 5/2*o**2 - 3. Determine j(-4).
1
Let c = 536 + -535. Let j(s) = -7*s**3 + s**2. Determine j(c).
-6
Let u(o) = -2*o**3 - 2*o**2 - 2*o - 3. Let t(g) = g**3 - g**2 - 2. Let l(a) = 2*a**3 - 2*a**2 + 4*a - 8. Let w(q) = -l(q) + 3*t(q). Let b be w(2). What is u(b)?
9
Let g(v) be the third derivative of -1/120*v**6 + 1/15*v**5 + 2*v**2 - 6*v - 1/12*v**4 + 0 - 1/3*v**3. Give g(2).
2
Let m be (-12)/(-4)*(-2)/(-3). Let d(g) = -764*g - m - 1 - 3 + 763*g. Determine d(-6).
0
Let a(w) = w**3 + 16*w**2 + 17*w + 36. Let k = -894 + 879. Give a(k).
6
Let t(q) = -10*q**2 + 2*q - 8*q**2 - 3 - q**3 + 20*q**2. Let w be t(2). Let s(o) = -5 - w + 5*o - 9*o. Calculate s(-6).
18
Let o(k) be the third derivative of -2*k**5/5 + k**3/6 - k**2. What is o(1)?
-23
Let x be (-4)/22 - 744/(-341). Let w = 17 - 12. Let n(i) = 11 - 3*i - i**3 - 5 + w*i**x + 3*i. Determine n(5).
6
Let i be (-90)/25 + 4/(-10). Let n(f) be the second derivative of f**5/20 + f**4/3 - f**3/2 - 5*f**2/2 - 659*f. What is n(i)?
7
Suppose -2*t = -6 + 4. Let b(w) = 6*w - 2*w**2 + 3*w**2 - t - 10*w + 0*w**2. What is b(5)?
4
Let a(g) = -3*g**3 - 7*g**2 - 1. Let k(f) = -f**3 - f**2 + f - 1. Let p(r) = -a(r) + 4*k(r). Let h = -5712 - -5716. What is p(h)?
-3
Let w = -26 - -31. Suppose 3*d + 3 + 7 = 5*g, -4*d - w*g = -45. Let r(i) = 2 - 9*i - i**3 + i**2 - d + 7*i. Calculate r(-2).
13
Let q(k) = -k**3 - 10*k**2 - 10*k + 3. Let d = 184 + -193. Give q(d).
12
Suppose -3*f + 4*g = -3, -4*f = -3*f - 2*g - 1. Let s(p) be the first derivative of 5*p**4/4 - p - 3. Determine s(f).
4
Let h(m) = 7*m - 173. Let o be h(25). Let u = -1 - -3. Suppose u*t - 10 + o = 0. Let f(s) = -3*s + 3. Give f(t).
-9
Let n(r) = -r**3 - 8*r**2 - 7*r + 9. Let m(j) = -5*j**2 - 7*j - 8. Let s be m(-3). Let o = s - -25. Give n(o).
9
Let u(y) = y**3 + 11*y**2 - 6*y - 7. Let l(o) = 3*o**2 - o - 1. Let x(a) = 4*l(a) - u(a). Give x(3).
-9
Suppose 6*m + 9 + 3 = 0. Let o(d) = 36*d + 0 - 38*d - 2. What is o(m)?
2
Let s(i) = -i**3 + 4*i**2 + 4. Let r be s(4). Let l(o) = o**2 - 4*o - 1. Determine l(r).
-1
Let l(c) = -2*c**2 + 21*c - 1. Let r be l(11). Let b(s) = s + 3. Determine b(r).
-9
Let s be -1*(-36)/(-4) - -6. Let n(v) = v. Let m(k) = k - 3. Let y(g) = m(g) - 2*n(g). Give y(s).
0
Let x(t) = 7*t**2 - 54*t - 26. Let n be x(8). Let v(z) = -z**3 - 11*z**2 - 9*z + 12. What is v(n)?
2
Let j(f) = -f**3 - 4*f**2 - 3*f - 1. Suppose -146 = -4*u - 2*l, -4*u + l = -111 - 44. Let q = -41 + u. Determine j(q).
-1
Let n(f) = f**2 + 14*f + 32. Let t be n(-13). Suppose -7*a = t + 16. Let w(g) = -g**2 - 4*g + 6. What is w(a)?
1
Let t(v) be the third derivative of -v**4/6 - 5*v**3/3 - 226*v**2. Calculate t(-7).
18
Let t be (-45)/(-2) - (-4)/(-8). Suppose -4*u - 7*u + t = 0. Let n(m) = 9*m + 2. Calculate n(u).
20
Let v(k) be the second derivative of k**4/24 + k**3/3 - k**2/2 + 9*k. Let l(t) be the first derivative of v(t). Determine l(0).
2
Let x(t) = -2*t + 4. Let j be (2*(-9)/(-6))/(-1). Let f be -2*j/(6/7). Determine x(f).
-10
Let v(x) = x**3 + 12*x**2 + 35*x + 4. Let g be v(-7). Let o(c) = -2*c - 16. Determine o(g).
-24
Suppose 3*s = s - 80. Let r = s - -39. Let m(k) = -5*k**2 + 2*k + 1. Calculate m(r).
-6
Let r = 30 - 22. Let f(o) = 8*o - 3 - o**3 + 477*o**2 - 470*o**2 - 2. Calculate f(r).
-5
Let q(b) = 4*b**2 + 2*b + 8*b - 2 - 3 + 7 - 8*b. Suppose 4*c = 5*c - 1. Suppose o + 1 = -c. Give q(o).
14
Suppose 16 = -4*k - 0*k. Let n be (15/(-6))/(2/k). Let z(c) = -c**3 + 6*c**2 - 8*c + 3. What is z(n)?
-12
Let s = -19 - -31. Suppose 4*r = g + 15, 0 = -2*r - r + s. Let k(i) = -1 - 4*i**3 + 2*i**2 - i**2 + 5*i**3 + 11*i**3. Calculate k(g).
12
Let u be (-9)/(-9) - 0*3/9. Let t(l) = -4*l**2 + 3*l**2 - u + 4 + 1. Determine t(5).
-21
Let h = 1 + -2. Let f(g) be the second derivative of -g**5/20 + g**2/2 - 232*g. Give f(h).
2
Let m = -7 - -15. Let c = 6 - m. Let u be (-5)/(-4)*2*c. Let j(v) = v + 3. Determine j(u).
-2
Let z(o) be the second derivative of o**4/12 + o**3 - o**2 + 67*o. Calculate z(-7).
5
Let b be (-8)/6 + 566/6. Let n = b - 93. Let h(w) = -w + 4. Let u(r) = r - 3. Let g(q) = 5*h(q) + 4*u(q). Give g(n).
8
Let k be 3*-1*(-2)/3. Suppose 0 = -4*w + 19*w - 75. Let x(m) = -m - 2*m**2 - 3 - 4 + w. Determine x(k).
-12
Let z = 5 + -1. Let p(u) = -u**3 + 8*u**2 + 10*u + 1. Let h be p(9). Let t(k) = 4 - 1 - h*k + 5*k + 6*k. Calculate t(z).
7
Let s be 62/6 - 6/(-9). Let p = s - 9. Suppose -p*v - 5 = 3. Let w(n) = -n**3 - 5*n**2 - 4*n - 4. What is w(v)?
-4
Let x = 38 + -35. Let t be 0 + x - 20/(-5). Let p(n) = -3*n + 7. Determine p(t).
-14
Let y = 6 + -35. Let g = y - -40. Suppose 0 = 4*x - 0*x - 3*l - 19, 3*l + g = -4*x. Let f(u) = -12*u + 1. Give f(x).
-11
Suppose -9*j + 20 - 11 + 36 = 0. Let z(b) = 2*b + 1. Let o(g) = 2*g. Let v(k) = 6*o(k) - 5*z(k). What is v(j)?
5
Let s(b) be the third derivative of -b**6/120 + b**5/30 + b**4/24 - 2*b**3/3 + b**2. Let m = 46 - 43. Calculate s(m).
-10
Let h(t) = t**3 - 10*t**2 + 9*t - 5. Suppose 24*x - 32*x = -72. What is h(x)?
-5
Let k(v) = 9*v**2 - 68*v - 25. Let g(i) = 5*i**2 - 38*i - 13. Let r(q) = -7*g(q) + 4*k(q). What is r(4)?
-17
Let c(i) = i + 10 - i + 0*i - 3*i. Let j(m) = -10 + m + 1 + 2*m. Let q(z) = -4*c(z) - 5*j(z). What is q(4)?
-7
Let b(j) = -j**2 + 3*j + 3. Let w(z) = -4*z + 17. Let o be w(8). Let s = o + 19. Give b(s).
-1
Let a(d) be the third derivative of d**4/24 - 5*d**3/6 + d**2 - 28. Suppose 3*s - 20 = -3*p + 4, -s + 5*p = 16. Determine a(s).
